 third derivative of 1/6*n**3 - 1/60*n**5 + 0 + 0*n + 2*n**2 + 5/24*n**4. Calculate s(w).
5
Let k(m) = -m - 5. Let p(w) = w + 5. Let g(v) = -2*k(v) - 3*p(v). Determine g(-6).
1
Let u(m) = -m + 3. Let c be u(-3). Let p(a) = -3*a**3 - 11*a**2 + 7*a - 10. Let f(w) = -4*w**3 - 12*w**2 + 7*w - 12. Let j(y) = -4*f(y) + 5*p(y). What is j(c)?
4
Suppose -4*r = -5*r + 3. Let i(a) = -6*a**2 + 3 - 3*a - 2*a**3 - 2*a - r*a**3 + 4*a**3. Calculate i(-5).
3
Let j(q) = 8*q**2 - 2*q + 3. Let k(z) = -1. Let s(f) = j(f) + 4*k(f). What is s(-1)?
9
Let m(j) = -j**2 + 2*j + 3. Let i be (-2 - -1)/(-2 - -3). Let u be 6 + (i - 1)/2. Let s = 9 - u. What is m(s)?
-5
Let t(k) = -k + 1. Let c(y) = y**2 - 3*y + 5. Let m(g) = c(g) - 3*t(g). Determine m(0).
2
Suppose 1 = 4*q - 2*u + 3, 3*q - 5*u - 2 = 0. Let a be (-34)/(-8) - q/(-4). Let h(d) = -d + 9. Calculate h(a).
5
Let r be (2/(-6))/(7/105). Let z(h) = h**2 + 4*h - 1. Calculate z(r).
4
Suppose 3*y = 2*y - 18. Let p be (2/(-6))/(6/y). Let t(r) = -4*r**2 - 2*r + 1. Calculate t(p).
-5
Let r(j) = 8*j**2 - j - 1. Let h = 0 - 1. Let d be (-1)/(((-1)/1)/h). What is r(d)?
8
Let l be (-1 + 2)/(3/9). Let f(w) = -2*w**2 + 5*w**3 - l - 4*w**3 + 4*w + 0*w**3. Let m = -6 - -8. Calculate f(m).
5
Let k(n) be the first derivative of -2*n**3/3 - n**2/2 + 1. Calculate k(-1).
-1
Let c(q) = -7*q**2 + 4*q**2 + 3*q**2 + 3*q**2 + q**3 - 5 - 4*q. Let r(f) = f**2 + 5*f. Let u be r(-4). Calculate c(u).
-5
Let w(p) = p + 2. Let k be w(2). Let i be (-1)/(-1 + 3/k). Let t(o) = -5*o**3 - 2 + 4*o**3 + i + 2*o. Determine t(-2).
6
Let s(g) be the third derivative of g**5/60 - 11*g**3/6 - 7*g**2. Let j = 0 + 0. What is s(j)?
-11
Let c(w) = 5*w**2 - 2. Let z(g) = -g**3 + g**2 + g. Let b(n) = -c(n) + z(n). Calculate b(-4).
-2
Let k be 50/18 - 1*(-2)/9. Let o be 0*2*(-2)/8. Let s(t) = o + k*t**3 - 4*t**3 - 4 - 3*t + 5*t**2. Determine s(4).
0
Let k(x) = x**2 + 1. Let n be k(-4). Let o = n + -1. Let m be (-9)/4 + 4/o. Let h(t) = t + 2. What is h(m)?
0
Let f(k) = k - 4. Let m be f(6). Let l = m - -1. Suppose -2*p - z + 6 = 0, -4*z = -l*p - 0*z - 13. Let y(r) = 4*r**2. What is y(p)?
4
Let v be 3 - (2*3)/(-3). Let c = 6 - 3. Let z(n) = -n - n + c*n - 12. What is z(v)?
-7
Suppose -t + 1 = 5*d - 4, t - 1 = -d. Let z(b) = -b - d + b - b**2. Suppose y = 6 - 8. Give z(y).
-5
Let r(c) = 6*c + 1. Let f(q) = -25*q - 4. Let m(y) = 2*f(y) + 9*r(y). Determine m(1).
5
Let j(b) = b**2 - 2*b + 2. Suppose -20 = -0*l + 5*l. Let t = 4 + l. Suppose t = n + 4*g - 14, 4*n - 36 = -5*g - 13. Calculate j(n).
2
Suppose -2*k + 8 = 2*k. Let t(h) = h**2 + h**3 + h**2 + 3*h + 2*h**k - 3. Give t(-3).
-3
Let l(s) = 6*s - 3. Suppose 0*k = -k + 16. Let a = k + -14. Determine l(a).
9
Suppose -2 = 2*b + 8. Let x be (4 + b)/((-1)/5). Suppose x*n + 14 = 39. Let w(k) = -k. Determine w(n).
-5
Suppose 6 - 15 = 3*j. Let p(a) = a + 3. Let i be p(j). Let r(q) = -q**3 + q**2 + q + 3. Give r(i).
3
Let t = -3 - -10. Let x(d) = d**2 - 9*d + 8. Determine x(t).
-6
Let b(n) be the third derivative of -n**4/24 - n**3/6 + 12*n**2. Calculate b(7).
-8
Let n(i) be the third derivative of -i**6/120 - i**5/60 + i**4/24 + i**3/2 - 5*i**2. Let o = -3 - -7. Let u(v) = v**2 - 3*v - 4. Let j be u(o). What is n(j)?
3
Let i(w) be the third derivative of -w**4/8 + 5*w**3/6 + 3*w**2. Let r be i(2). Let y(k) = -6*k**3 + k**2 + k. Determine y(r).
6
Suppose -12*r + 4 = -13*r. Let c(y) = -4*y + y + 0*y - 1. Calculate c(r).
11
Let u(b) = -b**3 + 11*b**2 - 10*b + 1. Let a be u(10). Let y(s) = 7*s**3 - s**2 - s + 1. Calculate y(a).
6
Suppose v = 2*u - 3, -4*v + 3*u = u + 6. Let m(h) = -h**2 - h. What is m(v)?
0
Let o(q) = -4*q**2 - 6*q + 6 - q + 5*q**2. Calculate o(4).
-6
Let s be (-36)/(-48) - 14/24. Let z(u) be the second derivative of s*u**3 + 0*u**2 + 2*u + 0. Give z(-2).
-2
Suppose -5*u - 3*o = 23 - 133, 5*u = o + 110. Suppose -u = -2*q - 4*c, 5*q + 0*q + 4*c - 31 = 0. Let v(g) = -2 + 0 + g**3 + q. Calculate v(1).
2
Let j be -5*(-3 + (-1 - -5)). Let p(y) = -5*y**3 + 10*y**2 + 14*y - 21. Let a(o) = -2*o**3 + 3*o**2 + 5*o - 7. Let c(n) = 8*a(n) - 3*p(n). Calculate c(j).
-8
Let j(v) = -3*v + 1. Suppose -5*h - 10 = 4*m, -5*m - 13 = 12. Let q = -2 + 2. Suppose q = 3*b - 9, -h*b = -d - 5*b + 7. Calculate j(d).
7
Let n(s) = -2 + 3 + 0 - 4 + 2*s. Determine n(-6).
-15
Let i(u) = 3 - 4 - u + 3. Let g(h) = -h - 25. Let m be g(-21). Calculate i(m).
6
Let b(p) be the second derivative of -p**6/120 - p**5/15 - p**4/12 + 3*p**2/2 + 3*p. Let c(x) be the first derivative of b(x). Give c(-3).
-3
Let q = -16 + 17. Suppose 0 = -j + 4*g - 6*g + 12, -2*g = -2*j + 24. Let i(f) = 9*f - j*f + 4 - 3. What is i(q)?
-2
Let k(t) = -2*t + 28. Let b be k(12). Let w(c) be the first derivative of 3*c**2/2 - 2*c + 1. What is w(b)?
10
Suppose 2*x + 11 = 3. Let k = x + 8. Suppose -l - 6*p + 18 = -2*p, -2*p = k*l - 16. Let v(s) = -2*s**2 + s + 1. Calculate v(l).
-5
Suppose -4*v = -5*v. Let w(n) = -n. Let o be w(v). Let t(d) = -2*d - 1 - d**2 + o*d**2 + d. Determine t(-2).
-3
Let y(q) be the first derivative of -1/2*q**3 + 0*q - q**2 + 1/10*q**5 + 5/24*q**4 - 2 + 1/120*q**6. Let c(g) be the second derivative of y(g). What is c(-4)?
9
Suppose -2*d = -3*w + 1, 0*d + 7 = -3*w + 4*d. Let f(i) = 1 - i**w - 5*i**2 - 2 - 3 - 5*i. Let z = 15 - 19. Give f(z).
0
Let w = 10 - 10. Let i be (2 - w) + -4 - -1. Let v(b) = -3*b**3 + 2*b**2 + 2*b + 1. Calculate v(i).
4
Let h be 9*1 - 24/6. Suppose -2*r = -o - 2*o + 4, -15 = -5*o - 5*r. Let j(t) = -4*t**2 + 3 + o + 2*t**3 - 7*t - t**3. Determine j(h).
-5
Let n be 2/(-10) - (-302)/10. Suppose -4*k - k = -n. Let y(o) = -k*o - 1 + 4 - 2 - o**2. Determine y(-5).
6
Let a(q) = q**3 + 5*q**2 + 5*q + 5. Let w be a(-4). Let o(d) be the second derivative of 1/6*d**3 - 1/12*d**4 + 0 + 2*d - 1/10*d**5 - 1/2*d**2. Determine o(w).
-3
Suppose 0*a - a + 5 = 0. Let l(j) = -j**2 + 4*j + 6. What is l(a)?
1
Let x be 7/2 - (-1)/(-2). Suppose v = -t + 2, -2*v + 10 = 6*t - x*t. Let y(f) = -f + 15. Let c(q) = -1. Let m(r) = -6*c(r) - y(r). Give m(t).
-3
Let q(d) be the second derivative of 0 + 0*d**3 + 1/4*d**4 + d + 0*d**2. Let w = -27 + 26. Determine q(w).
3
Let c = -2 + -1. Let u(r) = r + 2*r**2 - r - 2*r + r**3 + r. Determine u(c).
-6
Let k(w) be the second derivative of w**5/20 - 5*w**4/12 + 2*w**3/3 - w**2 + 3*w. Suppose -3*m - m = 4*s, 4*s + 5*m + 4 = 0. Give k(s).
-2
Let n = 10 + -14. Let f be 1/2 - 14/n. Let h(g) = g**2 - 6*g + 6. Calculate h(f).
-2
Let d(s) = -2*s**3 - 4*s**2 - 3*s. Suppose -5*a - 13 = i - 5, 3*a + 36 = 2*i. Suppose 4*k - b + i = 0, -2*k - 4*b + 20 = -4*k. Determine d(k).
6
Let o be 8/(-20) + 12/5. Suppose o*f + f = 27. Let h(g) = -f*g - 1 + 8*g + 3. Determine h(0).
2
Suppose 3*j = -4*f + 4 - 0, 2*j - 14 = 3*f. Let k(a) = -a**3 + 4*a**2 - 2*a + 2. Determine k(j).
-6
Let b(c) be the third derivative of -c**4/24 - 3*c**3/2 - c**2. What is b(-9)?
0
Let u(a) = a**3 - 9*a**2 + 8*a + 7. Suppose -4 + 44 = 5*o. Calculate u(o).
7
Let t(z) = 0 - 17*z + 18*z - 5. Let a = 10 + -4. What is t(a)?
1
Let f = -3 + 13. Let a(t) = 1 - 1 + t - f*t**2 + 2*t**2. Give a(-1).
-9
Let i(n) = 2*n**2 + 0*n - 8*n + 6 - n**2. Let y = -52 + 57. What is i(y)?
-9
Suppose 1 + 19 = 5*q + 5*f, 5*q - 6 = 2*f. Suppose -3*w - 13 = -d, 2*d + w - 9 = -d. Suppose -4 = d*l - q*l. Let c(j) = -j**3 - 3*j**2 - 3*j. Determine c(l).
2
Let g(v) = -55*v**3 + 2*v**2 + 1 + 100*v**3 + 2*v - 55*v**3. Calculate g(-1).
11
Let c(p) = 3*p**2 - p - 2. Let w be -1 + 0 + 2 - 7. Let a(x) = -x**3 - 5*x**2 + 7*x. Let t be a(w). Let b = 4 + t. Give c(b).
12
Suppose u = 5*u + 4*r, 4*r = -2*u + 6. Let h(w) = 2*w**2 + 2*w. What is h(u)?
12
Let q(a) = -a**2 + 4*a - 1. Let n be q(3). Let h(x) = -3*x + 6 + n*x - 2. Let g(m) = m - 7. Let p be g(11). What is h(p)?
0
Let i(x) be the third derivative of x**5/60 + x**3/3 + 27*x**2. Determine i(0).
2
Let o(g) = -3*g - 11. Let h(z) = -z - 4. Let i(s) = -8*h(s) + 3*o(s). Give i(-2).
1
Let w(h) be the first derivative of 8*h + 1/2*h**2 + 5. What is w(-6)?
2
Let o(m) = -m**2 + 4*m - 1. Let n be o(5). Let h(z) = z**2 + 6*z + 3. Calculate h(n).
3
Let v(i) = i**3 - 29*i**2 + 77*i + 29. Let p be v(26). Let m(q) = 1 + 0 + 3 - q. What is m(p)?
1
Let u = 12 + -6. Suppose u = -0*q + 3*q. Let p(w) = 1 + 4*w - q - w**3 - 9*w**2 - 7*w**2 + 13*w**2. Determine p(-4).
